{"id":108,"date":"2013-01-05T17:02:46","date_gmt":"2013-01-05T17:02:46","guid":{"rendered":"http:\/\/mamilu-bexbach.de\/?page_id=108"},"modified":"2025-08-04T12:32:38","modified_gmt":"2025-08-04T12:32:38","slug":"kurse-2013","status":"publish","type":"page","link":"http:\/\/mamilu-bexbach.de\/?page_id=108","title":{"rendered":"Weitere Kursangebote"},"content":{"rendered":"<p>Hier finden Sie weitere Kursangebote, die <strong>nicht<\/strong> von der Hebammenpraxis durchgef\u00fchrt werden!<\/p>\n<h4 style=\"text-align: left;\"><strong><strong>Yoga f\u00fcr Schwangere, Yoga f\u00fcr Einsteiger und Ge\u00fcbte<\/strong><\/strong><\/h4>\n<p style=\"text-align: left;\"><strong><span style=\"color: #ff0000;\">Info und Anmeldung bei Ute F\u00f6rste<\/span><\/strong><\/p>\n<p>Mail: ute_foerste@t-online.de<\/p>\n<p>Mobil: 0179 7489727<\/p>\n<h3 style=\"text-align: left;\"><strong>HypnoBirth und Autogenes Training\u00a0<\/strong><\/h3>\n<h6><span style=\"color: #ff0000;\">Info und Anmeldung bei Kursleiterin Jana <\/span><span style=\"color: #ff0000;\">Wagner<\/span>\u00a0<\/h6>\n<p><span style=\"color: #ff0000;\">Telefon: 0177\/6495343<\/span><\/p>\n<h3>MamaFit\u00a0<\/h3>\n<h6><span style=\"color: #ff0000;\">Info und Anmeldung bei Katja P\u00e4tzold , Pr\u00e4-u. Postnatal Trainerin\u00a0<\/span><\/h6>\n<p><span style=\"color: #ff0000;\">Telefon: 0151\/41411375<\/span><\/p>\n<h3 style=\"text-align: left;\"><strong>PEKiP<\/strong>-Kurse<\/h3>\n<p style=\"text-align: left;\"><strong><a href=\"http:\/\/mamilu-bexbach.de\/wp-content\/uploads\/2013\/06\/IMG_5242.jpg\"><span style=\"color: #ff0000;\">Anmeldung und Info bei Aurelia Strobel-M\u00fcller<\/span><\/a><\/strong><\/p>\n<p style=\"text-align: left;\">PEKiP-Gruppenleiterin<\/p>\n<p style=\"text-align: left;\"><span style=\"color: #000000;\"><strong><a style=\"color: #000000;\" href=\"http:\/\/mamilu-bexbach.de\/wp-content\/uploads\/2013\/06\/IMG_5242.jpg\"><span style=\"color: #ff0000;\">\u00a0<\/span><\/a><\/strong><a style=\"color: #000000;\" href=\"http:\/\/mamilu-bexbach.de\/wp-content\/uploads\/2013\/06\/IMG_5242.jpg\"><span style=\"color: #ff0000;\"><span style=\"caret-color: #ff0000;\">Telefon:<\/span>\u00a00176\/23807838<\/span><\/a><\/span><\/p>\n<h3 style=\"text-align: left;\"><strong>Krabbelgruppen f\u00fcr Babys, Kleinkinder 1-2 Jahre,<\/strong><\/h3>\n<h3 style=\"text-align: left;\"><strong>Musikalische Fr\u00fcherziehung, Musikgarten\u00a0<\/strong><\/h3>\n<h3>BabyBauchT\u00f6ne<\/h3>\n<p style=\"text-align: left;\"><strong style=\"text-align: center;\"><span style=\"color: #ff0000;\">Anmeldung und Info bei Anke Schuck<\/span><\/strong><\/p>\n<p style=\"text-align: left;\"><span style=\"color: #000000;\">Erzieherin,\u00a0Theaterp\u00e4dagogin, Musikgartenlehrkraft<\/span><\/p>\n<p style=\"text-align: left;\"><span style=\"color: #000000;\">Telefon:\u00a00176\/41757600<\/span><\/p>\n<p style=\"text-align: left;\">\u00a0<\/p>\n<p>\u00a0<\/p>\n<h3>Familiengefl\u00fcster Elterntreff und Babymassage\u00a0<\/h3>\n\n\n<p>Info und Anmeldung bei Bindung.naehe.liebe@outlook.de<\/p>\n\n\n\n<p>Kerstin 0152\/0365773<\/p>\n\n\n\n<p>Katja 0172\/2884782<\/p>\n","protected":false},"excerpt":{"rendered":"<p>Hier finden Sie weitere Kursangebote, die nicht von der Hebammenpraxis durchgef\u00fchrt werden! Yoga f\u00fcr Schwangere, Yoga f\u00fcr Einsteiger und Ge\u00fcbte Info und Anmeldung bei Ute F\u00f6rste Mail: ute_foerste@t-online.de Mobil: 0179 7489727 HypnoBirth und Autogenes Training\u00a0 Info und Anmeldung bei Kursleiterin Jana Wagner\u00a0 Telefon: 0177\/6495343 MamaFit\u00a0 Info und Anmeldung bei Katja P\u00e4tzold , Pr\u00e4-u. Postnatal Trainerin\u00a0 &hellip; <a href=\"http:\/\/mamilu-bexbach.de\/?page_id=108\" class=\"more-link\"><span class=\"screen-reader-text\">Weitere Kursangebote<\/span> weiterlesen <span class=\"meta-nav\">&rarr;<\/span><\/a><\/p>\n","protected":false},"author":1,"featured_media":575,"parent":0,"menu_order":0,"comment_status":"closed","ping_status":"closed","template":"","meta":[],"_links":{"self":[{"href":"http:\/\/mamilu-bexbach.de\/index.php?rest_route=\/wp\/v2\/pages\/108"}],"collection":[{"href":"http:\/\/mamilu-bexbach.de\/index.php?rest_route=\/wp\/v2\/pages"}],"about":[{"href":"http:\/\/mamilu-bexbach.de\/index.php?rest_route=\/wp\/v2\/types\/page"}],"author":[{"embeddable":true,"href":"http:\/\/mamilu-bexbach.de\/index.php?rest_route=\/wp\/v2\/users\/1"}],"replies":[{"embeddable":true,"href":"http:\/\/mamilu-bexbach.de\/index.php?rest_route=%2Fwp%2Fv2%2Fcomments&post=108"}],"version-history":[{"count":48,"href":"http:\/\/mamilu-bexbach.de\/index.php?rest_route=\/wp\/v2\/pages\/108\/revisions"}],"predecessor-version":[{"id":1248,"href":"http:\/\/mamilu-bexbach.de\/index.php?rest_route=\/wp\/v2\/pages\/108\/revisions\/1248"}],"wp:featuredmedia":[{"embeddable":true,"href":"http:\/\/mamilu-bexbach.de\/index.php?rest_route=\/wp\/v2\/media\/575"}],"wp:attachment":[{"href":"http:\/\/mamilu-bexbach.de\/index.php?rest_route=%2Fwp%2Fv2%2Fmedia&parent=108"}],"curies":[{"name":"wp","href":"https:\/\/api.w.org\/{rel}","templated":true}]}}